rime factors of (-5)/((-60)/5168) - p/(-27)?
2, 5, 43
Suppose 0 = y - v - 338, -5*y - v - 883 = -2591. Let w = -200 + y. What are the prime factors of w?
3, 47
Let k(p) = -33*p + 14. Let l(z) = 32*z - 14. Let m(a) = -2*k(a) - 3*l(a). Let q = 13311 + -13319. List the prime factors of m(q).
2, 127
Suppose 4*s = -2*i + 90140, -2*i - 96*s = -93*s - 90139. What are the prime factors of i?
2, 19, 593
Suppose -10*m + 6*m = 0, -5*h - 8*m + 35155 = -3*m. List the prime factors of h.
79, 89
List the prime factors of 4 - (-39)/(-9) - 6503515/(-183).
2, 3, 5923
Suppose 6*r - 1359 = 3*r - 2*h, -5*h = 3*r - 1368. What are the prime factors of r?
11, 41
Suppose -9*h + 20 + 25 = 0. Let z be (-15)/h - (2 - -1)*-1. List the prime factors of (-1 + 45 + 5)*(2 - z).
2, 7
Let p = 35 - 32. Let g = -628 + 1158. Suppose p*x - 777 = -3*h, -3*h + 4*x = -h - g. What are the prime factors of h?
3, 29
Suppose -76 = s + 2*u, -s = s + u + 152. Let f = -71 - s. Suppose 3*x = -7*v + 2*v + 349, 389 = 3*x - f*v. What are the prime factors of x?
3, 41
Suppose 0 = -f - 5*t + 3 + 6, -f - 3*t = -7. List the prime factors of 10/40 + (-1 - (-2055)/f).
3, 19
Let r(o) = 2*o + 25. Let s be r(-11). Suppose -2*q = s*q + 90. Let c(u) = -u**3 - 19*u**2 - 18*u + 18. What are the prime factors of c(q)?
2, 3
Let v(c) = c**2 - 10*c + 13. Let h be v(9). Let i(j) = 543*j + 11. Let z be i(h). Suppose -z = -7*g - 489. What are the prime factors of g?
2, 11
Suppose -2*i = -205 + 173. Suppose -i*b = -26*b + 6530. List the prime factors of b.
653
Let d = 571 - 573. What are the prime factors of (192747/(-141))/(d - (1 + -2))?
1367
Suppose 49*g - 5862714 - 542206 = -87*g. What are the prime factors of g?
5, 9419
Let b be 2/1*(16 - -63). Let h(o) = -o**3 + 18*o**2 - 2*o + 15. Let i be h(18). Let t = b + i. List the prime factors of t.
137
Let z(s) = -6*s + 15. Let f be z(-5). Let n be (-3)/f*-2605 + 2/(-3). Let u = n - 51. List the prime factors of u.
2, 61
List the prime factors of (-259948)/(-234)*-12*-3.
2, 4999
Let o(d) = -12*d + 78. Let y be o(6). Suppose -1930 = -y*f - 388. What are the prime factors of f?
257
Suppose 4*p + 0*p = -2*p. Suppose p = -4*m - m - 5*n + 40, 3*m = -n + 18. Let h = 3 + m. What are the prime factors of h?
2
Suppose -h + 1583 = 5*b, -14*h + 2*b = -15*h + 1574. List the prime factors of h.
2, 7
Suppose 24*i = 31*i - 21. Suppose -3*z = -12, i*h = 2*h + 2*z + 31. List the prime factors of h.
3, 13
What are the prime factors of 15/45*2*(1 + 101315)?
2, 8443
Let w(j) = 7*j**2 - 19*j + 3. Let u(h) = 10*h**2 - 29*h + 5. Let a(x) = -5*u(x) + 7*w(x). Let g be a(12). What are the prime factors of (-34)/(20/6 + g)?
3, 17
Let x(c) = -c**2 + 13*c - 36. Let f be x(8). Suppose -3*j + 1469 - 69 = f*k, 3*k - 465 = -j. What are the prime factors of j?
2, 3, 13
Suppose -95*p = -29*p + 428874 - 1453524. List the prime factors of p.
3, 5, 23
Let k be (-88)/132 - 1520/(-3). Suppose -6*g + k = -4*g. List the prime factors of g.
11, 23
Suppose 5*k + v - 50 = 68, 4*k = v + 98. Let h(q) = -2*q**2 + 1. Let m(j) = 5*j**2 + 29*j - 49. Let r(x) = 3*h(x) + m(x). What are the prime factors of r(k)?
2, 37
Suppose -3*f - 27 = -5*z, -3*z + f - 6*f - 11 = 0. Let k be z - (0 + -1 + 0). Suppose 2*q - 14 = q - 3*i, -5*q = k*i - 48. What are the prime factors of q?
2
Let i be 2322/12*(8/12 - 0). Let v = i + -103. What are the prime factors of v - 10*(-10)/(-25)?
2, 11
List the prime factors of 6838080/480*(2/(-6))/(2/(-3)).
17, 419
Let f(g) = -46*g**3 + g**2 + 4*g + 2. Let w be f(-1). Suppose w*t - 47*t + 872 = 0. List the prime factors of t.
2, 109
Let n(a) = -a**3 - 26*a**2 + 15*a + 94. Let s = 276 + -303. What are the prime factors of n(s)?
2, 11, 19
Let j(u) = -4*u - 15 - 10*u**2 + 0*u + 3*u. Let q be j(4). Let p = -124 - q. What are the prime factors of p?
5, 11
Let g(z) = -z**2 - 43*z - 147. Let y be g(-39). Suppose 15*v = y*v + 6840. What are the prime factors of v?
2, 3, 5, 19
Suppose -v = 135 - 143. Suppose 0 = v*d - 24*d + 11456. What are the prime factors of d?
2, 179
Suppose -9 = -4*q - 3*v + 3, -12 = 3*q - 3*v. Suppose 5*n - 240 = -q*n. Suppose 4*p - n - 236 = 0. What are the prime factors of p?
71
Suppose -2*q + 19328 = -2*f, -5*q + 3*f - 28265 = -76571. List the prime factors of q.
3, 29, 37
Let x = -37603 + 80264. List the prime factors of x.
37, 1153
Suppose 20 = 3*n + 5*x, -7*n + x = -5*n - 9. Suppose n*i - 2033 - 137 = 0. What are the prime factors of i?
2, 7, 31
Let s = 172 + 95. Let y be (-6544)/36 + 5/((-135)/6). Let j = s + y. What are the prime factors of j?
5, 17
Suppose 0 = 5*k + 4*t - 44, -16 - 13 = -4*k + 3*t. Let z(b) = 5*b**2 - 6*b + 30. What are the prime factors of z(k)?
2, 151
Let n = -29 + 11. Let b = 29 + n. Let c(z) = 2*z - 18. What are the prime factors of c(b)?
2
Let m(d) = -12*d**2 + 2*d - 9. Let n(o) = 14*o**2 - o + 10. Let y(u) = -6*m(u) - 5*n(u). List the prime factors of y(5).
19
Let v be -3*(329/(-3) + -1). Suppose 4*x - 4*k - 644 = -k, 2*x + k = v. Let z = x + -112. List the prime factors of z.
2, 13
Let s be (1 + 0)*(-219 + 0). Let l = s + 383. What are the prime factors of l?
2, 41
Let r(k) be the first derivative of -k**5/20 + k**4/6 - 25*k**3/3 + 22. Let a(j) be the third derivative of r(j). List the prime factors of a(-21).
2, 5, 13
Let y = 60 - 57. Let z(k) = 66*k**2 + k + 9. What are the prime factors of z(y)?
2, 3, 101
Suppose -635*x - 2159888 = -6195313. What are the prime factors of x?
5, 31, 41
Let g = -23 + 16. Let i be (-544)/(-10) + g/(35/2). List the prime factors of 6168/i + (-2)/9.
2, 3, 19
Let c(h) = h**3 - 18*h**2 - 20*h - 12. Let s be c(19). Let z = s - -29. List the prime factors of (-143)/z + (-9)/6.
2, 5, 7
Let i = -7 + 12. Let g(x) = x**2 + 17*x + 2. Let h be g(0). Suppose -4 = 4*j, h*k + i*j = 44 + 81. List the prime factors of k.
5, 13
Let g(y) = y**3 + 7*y**2 + y - 1. Let j be g(-7). Let b(t) = 44*t**3 + 2*t**2 - 2*t + 1. Let f be b(1). Let w = f - j. List the prime factors of w.
53
Suppose 3*j = -5*r + 34766, 4*r = 2*j + 32539 - 4713. List the prime factors of r.
5, 13, 107
Suppose 5*u - 235 = 3*r, -2*r = 4*u - 49 + 213. List the prime factors of (5744/r)/((-1)/5).
359
Suppose h = 2*h - 11*h + 101760. List the prime factors of h.
2, 3, 53
Let f = 9755 + -2152. List the prime factors of f.
7603
Let s(u) = -37*u**3 - u**2 + 2*u - 4. Let m(l) = 2*l**2 - 11*l - 23. Let o be m(7). What are the prime factors of s(o)?
2, 71
Suppose 0 = 131*c - 145*c + 231062 + 109404. What are the prime factors of c?
83, 293
What are the prime factors of (-1)/(-4) + -1 + 164822745/3980?
2, 3, 7, 17, 29
Let i(s) = 3*s + 15. Let l be i(-5). Let q be -3 - (0 + l + 1). List the prime factors of (-469)/q + 5/(-20).
3, 13
Let u = -51 + 87. Let d be u/306 - (-13258)/17. Suppose -5*c = 5*c - d. What are the prime factors of c?
2, 3, 13
Let w(f) be the first derivative of 13*f**6/90 + f**4/8 - 5*f**3 + 38. Let i(z) be the third derivative of w(z). What are the prime factors of i(-2)?
211
Suppose -4*f + 4*f - 75126 = -19*f. List the prime factors of f.
2, 3, 659
Let h(f) = f**2 - f + 9. Suppose -5*d + 14 = -7*d. List the prime factors of h(d).
5, 13
Suppose 3*n = 5*c - 77868, 0 = -20*n + 21*n + 1. What are the prime factors of c?
3, 29, 179
Suppose 18 = -6*c - 18. Let s be 9/c*(-3 - -1). Suppose 0*y + 249 = s*y. What are the prime factors of y?
83
Let i(u) = u. Let l(f) = -124*f + 34. Let j(o) = 4*i(o) - l(o). List the prime factors of j(4).
2, 239
Let g(z) = -z + 107. Let t be 3 + 5 + 11 + 6. What are the prime factors of g(t)?
2, 41
Let m(x) = -2792*x + 29 + 2792*x - 6*x**2 - 15*x**2 - 2*x**3 + x**2. List the prime factors of m(-12).
5, 11
What are the prime factors of (804/(-335))/((-1)/18250)?
2, 3, 5, 73
Let x be -1 + 679 + 168/42. Let h = x + 329. What are the prime factors of h?
3, 337
Suppose 11*t - 716794 = -11*t - 16*t. List the prime factors of t.
13, 1451
Let m = 946 + -822. Let r = m - -863. What are the prime factors of r?
3, 7, 47
Suppose -w - 5*u = 4, -2*w + 3*u + 0 = 60. Let c be (-8)/(-10)*(-60)/w. Suppose -4*i + c*n + 354 = -i, 2*n = 5*i - 594. What are the prime factors of i?
2, 3, 5
Suppose -9*v = 81 - 288. Let p(f) = f**3 - 22*f**2 + f + 18. What are the prime factors of p(v)?
2, 3, 5, 19
Let j be (-1 + 7/5)/(33/4950). Let w be 11 - (j/(-14) - 4/(-1